 factors of c?
3, 97
Let b(r) = -r**3 + 30*r**2 - 5*r + 4. What are the prime factors of b(27)?
2, 257
Let o = -36 - -39. List the prime factors of 42 - (-3 + o)/(4/(-2)).
2, 3, 7
Let b(o) = o**3 - 20*o**2 + 21*o - 20. List the prime factors of b(20).
2, 5
Let b(l) = l**2 - 7*l - 46. Let j be b(-19). Suppose 2*h - j = -144. List the prime factors of h.
2, 19
Suppose 5808 = -0*n + 5*n - h, 3480 = 3*n - 3*h. What are the prime factors of n?
2, 7, 83
Suppose 67*w = 14*w + 17490. What are the prime factors of w?
2, 3, 5, 11
Let a(g) = -2*g**2 + 14*g - 17. Let k be a(11). Let p = 274 + k. What are the prime factors of p?
13
Let v = 17 - 13. Let p be (v/(-3))/(2/6). List the prime factors of ((-43)/p)/((-6)/(-24)).
43
Suppose -4*p = 2*f - 5532, 4*p - f = f + 5524. What are the prime factors of p?
2, 691
Suppose 79*x - 87*x + 39920 = 0. List the prime factors of x.
2, 5, 499
Suppose 3*n = -4*d + 4568, 3*n - 3*d = 1072 + 3461. List the prime factors of n.
2, 379
Suppose -420 - 444 = -9*p. List the prime factors of p.
2, 3
List the prime factors of 7586516/1508 - (-2)/13.
3, 13, 43
Suppose 7*s - 10 = 5*s. Suppose 744 = a + s*a. What are the prime factors of a?
2, 31
Let m = 1086 - 619. Suppose -4*q + m = 19. List the prime factors of q.
2, 7
Let a = 2607 + -1387. List the prime factors of a.
2, 5, 61
Let z(w) = 154*w**2 + 2*w + 9. What are the prime factors of z(4)?
3, 827
List the prime factors of -8 - (-21772 + -12)/8.
3, 5, 181
Let q = -6 - -7. Let j(d) = -5*d - 51. Let y be j(-9). List the prime factors of -5 - y - (-59)/q.
2, 3, 5
Let k = 1190 + -798. List the prime factors of k.
2, 7
Let z(y) = 42*y - 56. List the prime factors of z(28).
2, 5, 7
Let y = -81 - -142. Suppose -y = -3*w - r - 0*r, -4*w + 84 = 4*r. Let v = 30 - w. List the prime factors of v.
2, 5
Let h(g) = 2*g**2 - 20*g + 1. What are the prime factors of h(20)?
401
Let a be (-1)/((-4)/(-8))*-2. Suppose a*g + 132 = 7*g. What are the prime factors of g?
2, 11
Suppose a - 2614 = 5*n, 2*a + 5*n + 1734 = 6947. What are the prime factors of a?
2609
Let v = -233 - -429. Let f = v + -132. What are the prime factors of f?
2
Let m be (2/4)/((-7)/(-42)). Suppose 186 = m*s + 3*p, 109 = 3*s + 5*p - 71. List the prime factors of s.
5, 13
Let z be (2/(-3))/(3/18). Let a(p) = -p - 2. Let o be a(z). List the prime factors of 30/(-25)*(-45)/o.
3
Suppose -2*t - 19 = -3*f, -3 = f + 5*t + 2. Let h(y) = 4*y - 3 - f*y + 2. List the prime factors of h(-5).
2
Suppose -427*k + 421*k + 18762 = 0. List the prime factors of k.
53, 59
Let m(w) = 53*w**2 + 4. Suppose -2*q = q + 6. Let s be m(q). Suppose -3*k = -2*c + 100, 5*c = k - 2*k + s. List the prime factors of c.
2, 11
Let k(x) = 12*x**2 - 44*x - 4. List the prime factors of k(4).
2, 3
Let a be 3/5 + 67/5. Suppose -2*s + 3*t = -a - 102, -4*s = t - 204. Suppose -k = k - s. What are the prime factors of k?
2, 13
Suppose -2*g + 3892 = -4*i, -4*i = -2*g - 6*i + 3862. What are the prime factors of g?
2, 11
Let d be (-16)/(-3 - (-2 + -2)). Let a(q) = q + 28. What are the prime factors of a(d)?
2, 3
Let t be 6/(-15)*(6 - 21). Suppose -t*a + 37 = 7. Suppose -219 = -a*c + 6. List the prime factors of c.
3, 5
Let a = -959 - -5450. List the prime factors of a.
3, 499
Suppose -50 = 4*o - 346. Suppose o = 4*x - 102. List the prime factors of x.
2, 11
Let s be 0/(0 + (-1)/1). Suppose 4*k + 117 - 29 = s. List the prime factors of (-4)/8*3*k.
3, 11
Suppose -54*x = -51*x - 2106. List the prime factors of x.
2, 3, 13
Let s = 15 + 4. Let u = s - 11. What are the prime factors of u?
2
Let i = -10 - -18. Suppose 3*t = j + i, -32 = -3*t - 3*j - 2*j. Suppose 83 + 49 = t*x. List the prime factors of x.
3, 11
Suppose -1187 + 187 = -4*x. Suppose 3*u + 2*u - x = 0. List the prime factors of u.
2, 5
Suppose 2*b = -3*j - b + 18, 4*j = -2*b + 20. Let d be 1 - (j/(-4) + 0). Suppose -d*y + 25 + 27 = 0. What are the prime factors of y?
2, 13
Let l(z) = -z**3 + 7*z**2 - 5*z - 3. Let p be l(6). Suppose t - 2*t + 32 = -4*i, -3 = -i + p*t. What are the prime factors of (i + 19)*(1 + 1)?
2, 5
Let v(w) = -5*w**3 - 2*w + 1. Let d = 10 - 9. Let x be v(d). Let f = 4 - x. What are the prime factors of f?
2, 5
Suppose -16*f - 39875 = -41*f. What are the prime factors of f?
5, 11, 29
Let q(k) = 2*k**2 - 4*k - 3. Let u be q(4). Suppose 3*v + 4 = u. Suppose 0 = v*j - 0*j - 4*o - 126, 5*j - 218 = 4*o. List the prime factors of j.
2, 23
Suppose 4*j - 146 = 6*j. Let x = j + 162. What are the prime factors of x?
89
Let p be (-8920)/(-30) - (-2)/3. Suppose -f + p = -3*f. Let a = f + 215. What are the prime factors of a?
2, 3, 11
Let a = 1559 - 772. List the prime factors of a.
787
Suppose 3*p - p - 4 = 0. Suppose p*i + 3*i = 5. What are the prime factors of -1*8*(-3 - i)?
2
Let b = -9 + 6. List the prime factors of 2/b*(-2)/(-4)*-339.
113
What are the prime factors of 145128/252 - (-4)/42?
2, 3
Suppose 4*k + 230 = 2*w, w + 3*w - 460 = -5*k. Let v = w - 62. What are the prime factors of v?
53
Let c = 4 - -8. Suppose 4*k - c = 0, 5*a + 3*k - 2*k = 133. What are the prime factors of a?
2, 13
Let v = 312 - 279. What are the prime factors of v?
3, 11
Let n = 3302 + -1162. List the prime factors of n.
2, 5, 107
Let k = 5142 + -1254. List the prime factors of k.
2, 3
Let h(s) = -s**2 - 5*s - 4. Let o be h(-2). Suppose -o*m + 92 = -0*m. List the prime factors of m.
2, 23
Let n be 3/(-2)*(0 + -2). Let h be (-3 - -3)/n - -4. List the prime factors of 155/h + 1/4.
3, 13
Let h = -2585 - -3920. What are the prime factors of h?
3, 5, 89
Let b be (-3)/15 - (764/(-5))/4. Let l = 61 - b. What are the prime factors of l?
23
What are the prime factors of (-1)/((-4)/28) - (-2892)/6?
3, 163
Let o be 1 + -307 + 18 + -23. Let f = -161 - o. What are the prime factors of f?
2, 3, 5
Let f = -126 + 128. Suppose -2*z + f*q = -30 - 28, 0 = -3*q + 12. List the prime factors of z.
3, 11
Let j be (-10)/(-60) - 206/12. Let o be (-298)/(-8) - 4/16. Let y = o + j. List the prime factors of y.
2, 5
Suppose -2252 = -s - 3*s - 4*u, -5*s - 2*u = -2815. Let v = s + -331. List the prime factors of v.
2, 29
Let j = -48 - -40. Let l(w) = -7*w + 9. What are the prime factors of l(j)?
5, 13
Let g = 4839 - 2808. What are the prime factors of g?
3, 677
Let z be -2 + 5 - (3 - 2). Suppose 0 = z*d - 29 - 17. What are the prime factors of d?
23
Let f be (1/3)/((-2)/(-3))*4. Suppose -o - f*x + 136 = 0, 2*o - 4*x - 624 = -3*o. What are the prime factors of o?
2
Let k be ((-4)/(-5))/((-34)/(-2975)). Suppose 0*s + s - 5*o = k, o + 5 = 0. List the prime factors of s.
3, 5
List the prime factors of ((-1200)/(-9))/(219/27 + -8).
2, 3, 5
Let x(l) be the third derivative of -l**6/15 - l**5/20 - l**4/6 - l**3/2 - 3*l**2. Let d be x(-2). Suppose -5*a + d = -23. What are the prime factors of a?
2
Let i be 1 - ((-2508)/3)/(-4). List the prime factors of (i/64)/(-1 - (-38)/40).
5, 13
Suppose g + 4*g = -2*j + 218, 4*j - 436 = 4*g. What are the prime factors of j?
109
Let o = 115 - 112. Suppose 0 = -2*f + 11 - 3. Suppose -2*y = -o*p + 114, -f*p + 127 = -2*y - 25. What are the prime factors of p?
2, 19
Suppose -17231 = 39*a - 76745. List the prime factors of a.
2, 7, 109
Let w(s) = -s**3 - 12*s**2 - 11*s + 5. Let u be w(-11). Suppose -232 = m - u*m. What are the prime factors of m?
2, 29
Let p = -12843 - -18496. What are the prime factors of p?
5653
Suppose 169*u = 170*u - 2. Suppose -5*w - 434 = -4*x + 365, -2*w = -u*x + 398. List the prime factors of x.
2, 7
What are the prime factors of 254/((-21)/(252/(-24)))?
127
Suppose -46 - 47 = -z. Let b = z + -51. What are the prime factors of b?
2, 3, 7
Let h = -40 - 36. What are the prime factors of (154/3)/(-4 - h/18)?
3, 7, 11
Let m(i) = 253*i**3 - 2*i**2 - 2*i - 1. Let w be m(-1). Let s = 24 - w. What are the prime factors of s?
2, 139
Suppose 5*w - 14 = 616. Suppose -4*g + 2*g - 134 = 0. Let t = g + w. List the prime factors of t.
59
Suppose -3*c + 0 = -2*s + 6, 0 = 4*c - 16. Suppose 21*o - 22*o = -s. List the prime factors of o.
3
Suppose -10*k = -29341 - 13879. List the prime factors of k.
2, 2161
Let k be -2 + (-6)/(-1 - (-45)/39). Let m = k - -50. What are the prime factors of m?
3
Let p(r) = -r**3 - 8*r**2 - 10*r - 1. Suppose 2*n - 3 - 33 = 0. Let k = n - 25. What are the prime factors of p(k)?
2, 5
Let r(c) = c**2 